nd 12?
12
Calculate the highest common divisor of 69 and 25.
1
What is the greatest common factor of 15592 and 24?
8
Calculate the greatest common divisor of 413 and 102837.
413
Calculate the highest common factor of 32 and 400.
16
Calculate the highest common divisor of 861 and 1617.
21
What is the highest common factor of 5 and 4460?
5
What is the greatest common factor of 143 and 55?
11
What is the greatest common factor of 54 and 8?
2
Calculate the greatest common factor of 81 and 1215.
81
What is the highest common divisor of 128 and 8?
8
What is the greatest common factor of 74 and 24938?
74
What is the highest common factor of 126 and 1197?
63
Calculate the highest common factor of 115 and 1104.
23
What is the greatest common divisor of 20099 and 101?
101
Calculate the greatest common divisor of 45 and 24870.
15
Calculate the greatest common divisor of 2921 and 299.
23
Calculate the highest common factor of 252 and 14.
14
What is the greatest common factor of 664 and 8?
8
What is the highest common factor of 46 and 3887?
23
What is the highest common factor of 764 and 16?
4
What is the greatest common divisor of 2 and 2?
2
Calculate the highest common factor of 17376 and 24.
24
Calculate the highest common divisor of 50 and 2.
2
Calculate the greatest common factor of 68 and 944.
4
Calculate the greatest common divisor of 21602 and 14.
14
Calculate the greatest common factor of 2 and 6264.
2
Calculate the highest common factor of 118 and 295.
59
What is the greatest common divisor of 75 and 8850?
75
Calculate the greatest common divisor of 592 and 64.
16
What is the highest common divisor of 5100 and 500?
100
Calculate the highest common divisor of 912 and 336.
48
Calculate the highest common factor of 8 and 216.
8
What is the highest common factor of 517 and 611?
47
What is the greatest common divisor of 2 and 64?
2
Calculate the greatest common divisor of 5670 and 63.
63
Calculate the greatest common divisor of 37 and 37.
37
What is the greatest common divisor of 812 and 84?
28
Calculate the greatest common divisor of 595 and 6685.
35
Calculate the highest common divisor of 57114 and 342.
342
Calculate the highest common factor of 22295 and 26.
13
Calculate the greatest common divisor of 600 and 408.
24
What is the highest common divisor of 32 and 1184?
32
What is the highest common factor of 9 and 657?
9
What is the highest common divisor of 70 and 1435?
35
What is the greatest common divisor of 96 and 282?
6
Calculate the highest common divisor of 200 and 6300.
100
Calculate the highest common divisor of 135 and 75.
15
What is the highest common factor of 66 and 9966?
66
What is the highest common factor of 2760 and 180?
60
What is the highest common factor of 26 and 338?
26
Calculate the greatest common factor of 47432 and 49.
49
Calculate the highest common divisor of 19116 and 1458.
162
What is the greatest common divisor of 93 and 62?
31
What is the highest common factor of 7527 and 39?
39
What is the greatest common divisor of 23 and 805?
23
Calculate the highest common factor of 1209 and 26.
13
What is the greatest common factor of 112 and 42?
14
Calculate the greatest common divisor of 5 and 40.
5
What is the highest common divisor of 45199 and 77?
77
What is the highest common divisor of 2 and 59?
1
Calculate the highest common divisor of 1680 and 30.
30
Calculate the greatest common divisor of 260 and 460.
20
What is the highest common factor of 185 and 2257?
37
What is the highest common factor of 540 and 1500?
60
What is the highest common factor of 48 and 5736?
24
Calculate the greatest common divisor of 516 and 12.
12
What is the highest common divisor of 12423 and 909?
303
Calculate the highest common factor of 36 and 963.
9
What is the highest common divisor of 25 and 5?
5
Calculate the greatest common divisor of 26412 and 62.
62
What is the greatest common factor of 16 and 208?
16
Calculate the greatest common divisor of 6414 and 6.
6
What is the highest common divisor of 164 and 369?
41
Calculate the highest common factor of 26 and 2366.
26
Calculate the highest common divisor of 11 and 78.
1
What is the highest common divisor of 153 and 18054?
153
Calculate the highest common divisor of 12 and 14058.
6
What is the highest common factor of 30 and 130?
10
What is the greatest common divisor of 260 and 2640?
20
Calculate the greatest common factor of 8 and 20.
4
What is the greatest common factor of 332 and 913?
83
What is the greatest common factor of 6 and 10?
2
Calculate the greatest common factor of 602 and 6106.
86
Calculate the greatest common factor of 304 and 2983.
19
Calculate the greatest common divisor of 40 and 36.
4
Calculate the highest common divisor of 240 and 744.
24
Calculate the highest common factor of 834 and 6.
6
What is the highest common factor of 1081 and 23?
23
Calculate the highest common divisor of 2420 and 75.
5
Calculate the highest common factor of 23 and 759.
23
Calculate the highest common factor of 2494 and 58.
58
Calculate the greatest common factor of 899 and 116.
29
What is the highest common divisor of 1260 and 4340?
140
What is the highest common factor of 63 and 28287?
63
Calculate the greatest common divisor of 425 and 1785.
85
Calculate the greatest common divisor of 9541 and 609.
203
Calculate the highest common divisor of 19370 and 78.
26
What is the greatest common factor of 14 and 28?
14
Calculate the highest common factor of 75 and 1095.
15
What is the highest common factor of 1536 and 2736?
48
What is the highest common divisor of 140 and 80?
20
What is the greatest common divisor of 486 and 4?
2
Calculate the highest common divisor of 21 and 175.
7
Calculate the greatest common divisor of 6 and 15.
3
Calculate the highest common factor of 141 and 47.
47
What is the greatest common divisor of 209 and 22?
11
Calculate the greatest common divisor of 4374 and 18.
18
Calculate the greatest common factor of 6 and 123.
3
What is the highest common divisor of 15060 and 15?
15
Calculate the highest common factor of 1932 and 210.
42
Calculate the greatest common divisor of 10 and 260.
10
What is the greatest common divisor of 44 and 209?
11
Calculate the greatest common factor of 380 and 1045.
95
Calculate the highest common divisor of 24757 and 19.
19
What is the greatest common factor of 30 and 375?
15
Calculate the greatest common divisor of 2 and 3.
1
What is the greatest common factor of 26 and 208?
26
What is the highest common factor of 6768 and 12?
12
Calculate the greatest common divisor of 127 and 1524.
127
Calculate the highest common factor of 15 and 27.
3
Calculate the highest common factor of 1088 and 1984.
64
What is the highest common divisor of 85 and 355?
5
What is the greatest common factor of 22 and 10604?
22
What is the highest common divisor of 96 and 1536?
96
Calculate the highest common divisor of 826 and 6.
2
Calculate the greatest common divisor of 126 and 2478.
42
What is the highest common factor of 13 and 689?
13
Calculate the highest common factor of 189 and 4473.
63
Calculate the greatest common divisor of 640 and 10.
10
Calculate the greatest common divisor of 105 and 15.
15
Calculate the highest common factor of 8032 and 48.
16
What is the greatest common factor of 104 and 40?
8
What is the greatest common factor of 905 and 1267?
181
What is the greatest common divisor of 35 and 280?
35
What is the highest common divisor of 1 and 3791?
1
What is the highest common factor of 125 and 75?
25
What is the greatest common divisor of 3658 and 124?
62
What is the greatest common divisor of 5 and 115?
5
What is the greatest common divisor of 1833 and 78?
39
Calculate the greatest common divisor of 1656 and 46.
46
What is the greatest common factor of 918 and 3502?
34
Calculate the greatest common divisor of 232 and 261.
29
What is the greatest common factor of 6979 and 21?
7
Calculate the highest common divisor of 7106 and 76.
38
Calculate the highest common divisor of 259 and 112.
7
What is the highest common divisor of 20 and 940?
20
What is the highest common divisor of 8 and 64?
8
What is the highest common divisor of 21 and 623?
7
Calculate the highest common divisor of 8 and 948.
4
Calculate the greatest common divisor of 252 and 11772.
36
Calcu